 -5*x**2 - 306*x + 265. Let k be b(-62). Determine i(k).
2
Let d(x) = -15*x - 11. Let c(u) = -40*u - 33. Let k(f) = -4*c(f) + 11*d(f). Determine k(-11).
66
Let x be ((-10)/2*1)/(-1). Let w = x - 4. Let s(t) = -5*t**3 - 3*t**2 + t + 2. Let q(l) = -l**3 + l**2 - 1. Let d(o) = -2*q(o) - s(o). Determine d(w).
7
Let t(d) = -62 + 19 + 25 - d + 21. What is t(9)?
-6
Let l(m) = -2*m + 16. Let v be l(7). Let j(s) = 0 - 7 - 9 - v*s + 6 + 4*s. Suppose 0 = -0*c - 2*c - 3*w + 17, -2*c = 5*w - 19. What is j(c)?
4
Let j(z) = z**3 - z**2 + 9*z - 12. Let h(t) = -2*t**3 + 2*t**2 - 9*t + 13. Let i(s) = -3*h(s) - 4*j(s). Give i(3).
18
Let q(m) be the second derivative of -5*m**3/6 - 381*m. Let g(z) be the first derivative of z**3/3 + z**2/2 + 2*z - 4. Let w be g(-2). What is q(w)?
-20
Let l(y) = -7*y**2 - 2*y + 13. Let h(o) = 20*o**2 + 6*o - 39. Let j(u) = 3*h(u) + 8*l(u). Let f be j(2). Let p(c) = -c**3 + 8*c**2 - 9*c + 6. Give p(f).
-8
Let t(i) = -2*i**2 - 8*i - 8. Let r(n) = -426*n - 1278. Let d be r(-3). Calculate t(d).
-8
Let f(o) = -o**2 - 17*o + 4. Let g be f(-17). Suppose -g*x = n + 11, -3*n - 5*x - 2 - 3 = 0. Let u(q) = -1 + n*q**3 - 4 - q**3 + 4. Determine u(1).
3
Suppose -4*i = 2*y + 14, -2*y = 2*y - 3*i - 5. Let z be 1/4 + (30/(-8))/y. Let t(c) = 53*c - 3 + 60*c + c**3 + z - 110*c - 2*c**2. What is t(3)?
19
Let t(p) = 4*p + 7. Let x = 3 + -3. Suppose -4*v - 23 + 123 = x. Suppose -8*a = -3*a + v. What is t(a)?
-13
Let d(z) = z**3 - 73*z**2 - 23*z + 1669. Let q be d(73). Let c(n) = -6*n - 58. What is c(q)?
2
Let z(u) be the third derivative of 19*u**4/12 - 92*u**3/3 - 856*u**2 - 2*u + 2. Determine z(5).
6
Suppose -2 = -c - s, -2 + 24 = 4*c - 3*s. Suppose -c = -4*x - 2*d, x + 0*d - 6 = -3*d. Let z(k) = -k**3 - 3*k**2 - 4*k**2 - 20 + 8*k**2 + k. Give z(x).
-20
Let j(l) = -l**2 - 6*l - 2. Let a(s) be the first derivative of -s**4/4 - 8*s**3/3 - 9*s**2/2 + 14*s + 254. Let w be a(-6). Give j(w).
6
Let c = 109 + -114. Let t(u) = -6 - 17*u**2 + 9*u + 27*u**2 - 9*u**2. What is t(c)?
-26
Let u(m) be the second derivative of -m**3/3 + 2*m**2 - 10917*m. Suppose 6 = -0*t + t. Give u(t).
-8
Suppose 0 = 4*c + 4 - 12. Let o(j) = 11*j - 124. Let w(s) = s - 25. Let v(d) = -o(d) + 5*w(d). Give v(c).
-13
Let g(j) = 34037*j - 11. Let h(r) = 3782*r - 1. Let f(x) = -2*g(x) + 18*h(x). Let z = 12 + -8. Suppose z*u + 0*m + 3*m = -20, 2*u - 3*m + 10 = 0. Give f(u).
-6
Let y(z) = -z**3 + 68*z**2 - 135*z + 209. Let b be y(66). Suppose -4*t + 28 = 3*c - c, 4*c = 5*t + 95. Let m(j) = 6 - j + b - c. What is m(-6)?
3
Let y(d) = -d + 10. Let o(u) = u**3 + 9*u**2 + 8*u. Let t be o(-8). Let n(q) = 15 + t*q**2 - q**2 + 5*q - 1 - 10*q. Let b be n(-6). Give y(b).
2
Let d(q) = 4*q**2 - 4*q - 5. Suppose 18*p - 40 = 38*p. Calculate d(p).
19
Suppose 586*c + 2*z + 19 = 583*c, 19 = -5*c + 3*z. Let t(o) = -o**3 - 6*o**2 - 7*o - 8. Give t(c).
2
Let l be 8 - 15 - (-5 + (6 - 4)). Let x(c) = -59*c - 229. What is x(l)?
7
Suppose 2*p + 5 = -19. Let t(v) be the first derivative of v**4/4 + 11*v**3/3 - 7*v**2 - 18*v - 1395. Calculate t(p).
6
Let i(k) = 112*k**3 + 4*k - 3. Suppose -3*z = 2 - 14, -5*z + 14 = -3*u. Let y be i(u). Let h(r) = -r**2 - y*r + 895*r - 2 - 3. Give h(-4).
3
Suppose 0*c = 5*y + 2*c - 7, -c = -5*y + 19. Suppose 2*f + 5*n + 8 = 0, n - 22 = -y*f + 2*n. Let h(t) = 5 - 2 - 2 - 2*t - f. What is h(-4)?
3
Let z(a) be the third derivative of a**6/120 + 7*a**5/30 + a**4/24 + 23*a**3/6 - 446*a**2. Calculate z(-14).
9
Let s(b) = -b - 7. Let q(z) = 7*z**3 - z**2 - z + 2. Let r be q(-3). Let d be (-2)/((-12)/(-2))*(-193 - r). Calculate s(d).
-7
Suppose -15*i - 64 = -31*i. Let n(c) = -3*c**2 + i*c**3 + 120 - 57 - 62 + c. Calculate n(2).
23
Let g(n) = -9 + 7 - 3*n + 4 - 4*n. Let y be ((-4)/8*-15)/((-60)/(-40)). Calculate g(y).
-33
Let b(o) = o**2 - 7077*o + 14161*o - 7076*o - 14. Let u be ((-22)/6)/((-5)/(-15)). What is b(u)?
19
Let q be (-14 + 46)*4/8. Let u(w) = -9*w**2 - 19*w - 36. Let g(f) = 5*f**2 + 9*f + 18. Let x(v) = -11*g(v) - 6*u(v). Give x(q).
2
Let s(t) = t**3 + 25*t**2 + 21*t - 81. Let h(f) = -211*f + 2086. Let w be h(10). Determine s(w).
-9
Let f = 543 + -211. Suppose -269 = 9*d - f. Let z(m) = -m**3 + 7*m**2 + 2*m - 7. Give z(d).
7
Let b(w) = w**3 + 8*w**2 - 8*w - 3. Let g be 25 + -37 - 9/(-3). Calculate b(g).
-12
Let x(q) = -11*q - 2033. Let t(y) = -4*y - 782. Let m(c) = 13*t(c) - 5*x(c). Let k = -1 - -5. Let f = k + -1. Calculate m(f).
8
Let b(s) = 38*s**2 - 98*s - 363. Let j(y) = -61*y**2 + 149*y + 545. Let p(x) = 8*b(x) + 5*j(x). What is p(-34)?
-9
Let z(p) = 6*p - 33. Let y(b) = -4*b + 18. Let i(o) = 5*y(o) + 3*z(o). Give i(-9).
9
Let h be 2/(-3)*(-15)/2. Suppose -l = -3*j + j - h, -3*j = l + 20. Let t(u) be the first derivative of -u**4/4 - 4*u**3/3 + 4*u**2 + 7*u - 2. Give t(j).
-8
Let n(q) = -14. Let f(i) = 16*i - 136. Let b(m) = f(m) - 10*n(m). Determine b(-3).
-44
Let b(c) be the third derivative of -c**7/840 + c**6/90 + c**5/60 - c**4/4 - 35*c**3/2 + 7*c**2 - 2. Let z(f) be the first derivative of b(f). Determine z(4).
2
Let p(s) = 4*s**2 - 21*s + 9. Let z = -7341 + 7346. Calculate p(z).
4
Let m(j) be the third derivative of 7/60*j**5 + 0*j + 33*j**2 + 1/8*j**4 + 1/120*j**6 + 8/3*j**3 + 0. Calculate m(-7).
-5
Let r be (-2)/10*(0 - 20). Let u(b) = -3*b**2 + 7*b**3 - 7*b - b**3 + 0*b**3 + 6 - 5*b**3. Give u(r).
-6
Let a(l) be the second derivative of -l**4/4 - l**3/6 + l**2/2 + l. Suppose -648 = -649*k + 645*k. Suppose 0 = -4*r - k + 166. Give a(r).
-3
Let p(a) = a**2 - 8*a - 12*a - 303079 + 303032. Give p(22).
-3
Let k = -85 + 96. Let j = 4 + k. Suppose -14*s + 9*s = -j. Let a(d) = d**2 - 7*d + 2. Give a(s).
-10
Let x(j) = 38*j - 4. Let y(z) = -19*z + 1. Let l(t) = -16*t + 1. Let w(i) = -4*l(i) + 3*y(i). Let g(n) = -11*w(n) + 2*x(n). Calculate g(7).
-4
Let b(p) = 17*p + 18*p**2 + 0*p**3 + 49 - 13 - 3*p**3 + 2*p**3 + 0*p**3. Give b(19).
-2
Let p(t) = -9 - 9*t + 69*t**2 - 30 - 17*t**2 - 50*t**2. Determine p(9).
42
Let f(r) be the second derivative of r**2/2 + 1173*r. Let u(o) = o - 5. Let v(q) = -5. Let a(m) = 6*u(m) - 5*v(m). Let b(t) = a(t) + 6*f(t). Determine b(-1).
-5
Let h(k) = -k**3 + 7*k**2 - 6*k - 3. Suppose -6*m = -13*m + 35. Suppose -21 = -4*g - 3*t, 5*g - m*t - 35 = -0*t. What is h(g)?
-3
Let s(m) be the third derivative of -3*m**4/2 - 107*m**3/3 + m**2 + 632*m - 3. What is s(-6)?
2
Let h = -7964 - -7983. Let a(w) be the first derivative of 0*w - 1/3*w**3 - h + 3*w**4 + 0*w**2. What is a(1)?
11
Let t(v) be the second derivative of -v**3/6 + v**2 - 334*v. Let m(u) = -13*u - 51. Let z be m(-3). Give t(z).
14
Let z(v) = -v - 6. Let r = 402 + 526. Suppose r*f + 3 = 929*f. Determine z(f).
-9
Let n = 4994 + -4997. Let b(a) = a + 9. Determine b(n).
6
Let p(o) = -3*o - 83. Suppose -38*c - 365 - 292 - 331 = 0. Give p(c).
-5
Let z(w) = 5*w**2 + 11*w + 5. Let o(h) = -14*h**2 - 32*h - 15. Let x be 22/4*68/(-34). Let p(m) = x*z(m) - 4*o(m). Calculate p(-6).
-1
Suppose 0 = 49*f - 36*f + 78. Let l(o) = 9*o**2 - 21*o + 15. Let w(b) = 5*b**2 - 11*b + 8. Let u(t) = 6*l(t) - 11*w(t). Calculate u(f).
-4
Let k(b) = -28*b - 29*b + 105*b - 462 + 460 - 19*b**2. Calculate k(2).
18
Let g = -4723 + 4731. Let j(m) be the first derivative of 1/2*m**2 - 17 + g*m. Determine j(0).
8
Let b = 178 - 170. Suppose -l - l = -n + 9, l = 3*n + b. Let s(z) = -z**2 - 9*z + 7. Give s(l).
21
Let q be 9/21 - (230/(-35) - 0). Suppose 70 = 7*t + q*t. Let n(s) = -s**2 + 6*s - 6. What is n(t)?
-1
Let q(w) = -13*w. Let c be (8/60*5)/(8/36). Let z = 3 + c. Suppose z*n = 4*n - 6, 5*i = 2*n - 4. Determine q(i).
26
Let w(k) = k + 4. Suppose 7 = h - b, -5*h - b = 2*b - 27. Suppose -2*r + 16 = h. Suppose -5*s = -0*u - r*u, 4*u = -2*s. Give w(s).
4
Suppose 2*n - 59 + 69 = 0, 34 = -4*s + 2*n. Let f(q) = -q**2 - 7*q + 51. Give f(s).
7
Let d(f) be the second derivative of -f**3/6 - 77*f**2/2 - f + 740. Determine d(-31).
-46
Let m(y) = -2*y**2 - y. Let f = -7917 - -7913. Determine m(f).
-28
Let o(r) be the first derivative of r**5/20 + r**4/3 + r**3/2 - r**2/2 - 71*r + 51. Let m(l) be the first derivative of o(l). Determine m(-4).
-13
Let k(b) = 15*b**2 - 90*b + 244. Let c(t) = 11*t**2 - 67*t + 184. Let g(y) = -22*c(y) + 16*k(y). Determine g(8).
0
Let f(v) be the first derivative of -v**4/12 - 13*v**3/6 - v**2/2 - 212*v -